
What is the tens digit of (52/4 - -674)/(3/15)?
3
Let w(z) = 65*z + 27. What is the hundreds digit of w(5)?
3
Let o be 0 + 24/4 + -2. Suppose 3*h + 54 = o*p + 4*h, 0 = p + 2*h - 10. What is the units digit of p?
4
What is the hundreds digit of 7720/32*(-6 - -18)?
8
Let a be 3*1 + -2 + 4 + -2. Suppose 700 = 4*k - 0*k. Suppose 2*h - k = -a*h. What is the tens digit of h?
3
Let t be (-1)/(2/(-126)) + -1. Let f = -14 + t. Suppose -o = -2, 4 = -5*k + 3*o + f. What is the units digit of k?
0
Let i = 3 + -15. Suppose -3*h = 13 + 74. Let m = i - h. What is the tens digit of m?
1
Let k(d) = 28*d**3 + 4*d**2 - 11. What is the units digit of k(3)?
1
Let f be (4/2)/2*0. Suppose p = 3*x + 16, f = -x - 4*p - 5 + 17. What is the tens digit of x/6 + 70/6?
1
Let o be (-7 + 1)*(-1)/3. Let a be (-19 + (6 - o))/(-1). Suppose 0 = 17*q - a*q - 8. What is the units digit of q?
4
Suppose -98 = -3*n + 4. Let w be -5 + (6 - 1) + (83 - 2). Suppose h - w = -n. What is the units digit of h?
7
Suppose 0 = 4*q - k - 13, 2*q - k + 2*k + 1 = 0. Suppose p - 5 = 0, -u + q*u - p = 13. What is the units digit of u?
8
Suppose -3*r = -4*s + 24, -3*s = -6*s + 2*r + 18. Suppose 5*w = -4*p - 15 + 43, 3*w - s = 3*p. Suppose w*a - 42 = 10. What is the units digit of a?
3
Let x(p) be the first derivative of p**3/3 - p**2 + p - 1. Let k be x(1). What is the units digit of (k/(-1) + 3)*2?
6
Let b = 1794 - 927. What is the hundreds digit of b?
8
Suppose -4*d - n - 44 = 0, -d = 2*n - 3 + 21. Let k be ((-2)/(-4))/((-1)/d). Suppose 2*p - 101 + 31 = -5*f, 0 = p + k. What is the units digit of f?
6
Suppose 4*a - 3*z = 0, -7 + 29 = 2*a + 4*z. Suppose 3*h + u = 6*h - 51, 0 = -a*h + 4*u + 42. What is the units digit of h?
8
Let y = 628 - 384. What is the tens digit of y?
4
Let d(z) = z**3 - 11*z**2 + 16*z + 20. Let c be d(9). Suppose 15*j - 1378 = c*j. What is the hundreds digit of j?
1
Let q be (9/(-12))/((-2)/(-3952)). Let h = q - -2672. What is the units digit of ((-2)/(-4))/(17/h)?
5
Suppose -4*m + 0*m = -2760. Suppose -a + 6*a = m. What is the tens digit of a?
3
Suppose 3 = z + 5*l, 0 = 2*l - 3*l. Suppose -z*k = -608 + 131. What is the tens digit of k?
5
Suppose -3*b = x + 19 + 123, -x = 5*b + 146. Let w = 230 + x. What is the tens digit of w?
9
Let o be 76/342 + (-4)/18*469. Let h = o + 118. What is the units digit of h?
4
Let f(r) = -r**3 - 6*r**2 + 5. Let q(l) = -l**2 + 7*l - 6. Let m be q(7). Let h be f(m). Let g(b) = -b**3 + 3*b**2 + 13*b - 6. What is the units digit of g(h)?
9
Let w be ((-72)/(-6))/(-2 + 1). Let f be 3/1*(1 + 0). Let a = f - w. What is the tens digit of a?
1
Suppose -p + 2445 = 4*f - 2658, -f + 25610 = 5*p. What is the thousands digit of p?
5
Let b = -15 + 9. Let r = 1 - b. Suppose 3*d - 2*d + n - 17 = 0, -d = -4*n - r. What is the units digit of d?
5
Let t(u) be the first derivative of u**3/3 + 5*u**2 - u + 2. Let h be t(-7). Let d = -1 - h. What is the units digit of d?
1
Let z(r) = -r**3 + 17*r**2 - 8*r + 12. What is the tens digit of z(12)?
3
Let y(s) = 14*s - 1. Let z(q) be the third derivative of q**6/120 + 2*q**5/15 + q**4/4 - q**3/2 + q**2. Let x be z(-7). What is the units digit of y(x)?
5
Suppose 4*h - 116 = 168. Let m = h + -29. What is the units digit of m?
2
Suppose 4*r + 41 = 3*t + 5, -14 = -r - 5*t. Let l be (-124)/(-3) - (-12)/(-9). Let u = r + l. What is the units digit of u?
4
Suppose 4*m = 1168 + 744. What is the tens digit of m?
7
Let f(q) = 1135*q**2 - 43*q - 41. What is the units digit of f(-1)?
7
Let j = 146 - 230. Let y = j + 119. What is the units digit of y?
5
Let k be -1 + 60 + -1 - 2. Suppose 7*b + k = 3*b. What is the units digit of b/(-4)*(7 + 3)?
5
Let p = -2002 - -3916. What is the tens digit of p?
1
Let u = 75 + -35. Suppose 90 = 2*z - u. What is the tens digit of z?
6
Let y = 484 - 461. What is the tens digit of y?
2
Let g be -51*(-2)/18*-3. Let a(o) = -o**2 - 21*o - 19. What is the units digit of a(g)?
9
Suppose -2*t + 3*z + 7 = 0, -t + 3*t = z + 5. Suppose 3*f = 2*m - t*f - 107, -5*m - 4*f = -218. What is the units digit of m?
6
Suppose 11*v = 62 + 15. Let x(o) = o**3 - 5*o**2 + 16*o - 8. What is the hundreds digit of x(v)?
2
Let d(b) be the second derivative of b**5/5 + b**4/8 + 5*b**3/6 + 3*b**2/2 + 7*b. Let g(h) be the first derivative of d(h). What is the tens digit of g(-2)?
4
Let a(x) = -2*x - 9. Let y be a(-13). Suppose 20*f = y*f + 45. What is the tens digit of f?
1
What is the tens digit of (-3232)/20*(0 + (-15)/6)?
0
Let m(t) = 36*t**2 - 53*t + 135. What is the hundreds digit of m(14)?
4
Suppose 4*s - 6 = 10*s. Let u = 21 + s. What is the tens digit of u?
2
Let b(w) = -w**3 - w**2 + w - 1. Let u be b(-2). Let m be (u/2)/((-1)/(-6)). Suppose -2*p + m*h = -121, 2*p - 4*p + 81 = 5*h. What is the units digit of p?
3
Let l = -1106 + 622. Let i be (-1)/4 - l/16. Suppose -g + q + i = 4*q, -q + 4 = 0. What is the tens digit of g?
1
Let q(i) be the third derivative of -i**4/24 - i**3/3 + 12*i**2. What is the units digit of q(-16)?
4
Suppose 4*r - 4*k - 48 = 0, k - 5 = -2. Suppose h = -4*h + r. What is the units digit of (-102)/(-24) - h/(-4)?
5
Let i = 31 - 20. What is the tens digit of 453/i - (-18)/(-99)?
4
Let m be (-16)/(-20)*45/6. Suppose -145 = -m*p + p. What is the units digit of p?
9
Let d(j) = j**3 + j**2 - j - 12. Let r be d(0). Let a = r + 15. What is the units digit of ((-34)/4)/(a/(-6))?
7
Suppose 5*c - 10 = n + 2, -3*n = -2*c + 62. Let a = -19 - -11. What is the units digit of a/44 + (-92)/n?
4
Let n = 7 - 2. What is the units digit of 3 + (6/2 - (n + -6))?
7
Let w = -99 + 5149. What is the tens digit of w?
5
Suppose 0 = -5*z + 5*x + 210, -5*z + 89 = 2*x - 114. What is the units digit of z?
1
Let i(v) = v**2 + 1. Let u be i(3). Let h(j) = -j**3 + 10*j**2 + 2*j - 5. Let z be h(u). What is the tens digit of (-2)/(-6) + 325/z?
2
What is the units digit of (-186)/310 + 4463/5?
2
Suppose 4*h - 51 + 3 = 0. Suppose -5*f = -c - h, -6*f = -2*f + c - 15. Suppose -4*x + 60 = f*o, -2*o + 3*o = -x + 16. What is the units digit of x?
2
What is the hundreds digit of 1*(-7 - (-2 - 2)) - -490?
4
Suppose -4*l + l - 45 = 0. Let c = 18 + l. Suppose 3*k = -c*g + 36, -2*k + 14 = g - 0*g. What is the units digit of g?
0
What is the tens digit of 15/(-50) - (1172/(-40) - 1)?
3
Suppose l - 8 = -l. Suppose 2*h = h + l. What is the units digit of -4 - (h + -6) - -70?
8
Let z(s) = 5*s**2 - 2*s**3 + 4*s - 26 - 6*s + 25. Let h be z(3). What is the units digit of (-20)/h - (-5)/(-20)?
1
Suppose -4*v + 2694 = 4*c - 3902, 1645 = v - c. What is the hundreds digit of v?
6
Suppose -5*q - 2*r = -20981, -14*q - 16765 = -18*q + 5*r. What is the units digit of q?
5
Let f(m) = 2*m**2 + 37*m - 3. What is the tens digit of f(-25)?
2
Suppose 32*m + 4*m - 16776 = 0. What is the hundreds digit of m?
4
Let g be (4/3)/((-8)/(-12)). Suppose -t - 5*x = 60, -t - 3*t - g*x = 312. What is the units digit of 105/(-6)*t/28?
0
Suppose 3*g - 10*h - 9459 = -12*h, 4*h = 0. What is the tens digit of g?
5
Let q(j) = 46*j - 60. What is the hundreds digit of q(9)?
3
Let a(o) = -1 + 10 + 46*o - o - 9*o. What is the hundreds digit of a(3)?
1
What is the tens digit of -1*(-1403 - 8 - 0)?
1
Suppose 0*d = -4*d + 476. Let p = 171 - d. Let t = p + -36. What is the tens digit of t?
1
Suppose 0 = -w + 4*v - 2*v - 1, w - 5*v = 8. What is the units digit of -3 + (1 - -6)*(-66)/w?
3
Let c be 1*-24 + (15 - 17). Let h be -12*(0 + 2 - -2). Let j = c - h. What is the units digit of j?
2
Suppose -4*u + 2*d = -0*d - 3422, 2570 = 3*u - 5*d. What is the hundreds digit of u?
8
Suppose -1049 = -3*p - n, p - n = -95 + 446. What is the hundreds digit of p?
3
Let s = 794 - 420. Let f = -264 + s. What is the tens digit of f?
1
Let p = 30 + -48. Let x be 34/(-4) - (-9)/p. What is the tens digit of (-30)/x*(-1 - -10)?
3
Let u = -10 - -9. What is the tens digit of u + 2*24 - 0?
4
Suppose 0 = -3*g - 2*m + 10, 5*g + 2*m - 14 = -2*m. What is the units digit of g/3*((-12)/3 + 125)?
2
Suppose 0 = -3*w - y + 1195, 4*y + 1588 = 2*w + 2*w. What is the units digit of w?
8
Suppose s = -0*s + 302. Suppose 5*p = 163 + s. What is the units digit of p/13 - 6/39?
7
Suppose -4*h = -0*h - 108. Let n = -60 - -41. Let t = h + n. What is the units digit of t?
8
Suppose -993 - 715 = -4*k. What is the units digit of k?
7
Suppo